ommon divisor of 3102 and 127464.
282
Calculate the highest common divisor of 36157806 and 666.
666
Calculate the greatest common factor of 13349838 and 7506.
834
What is the highest common factor of 195 and 29469505?
65
Calculate the greatest common factor of 258 and 311701066.
86
What is the greatest common divisor of 153441586 and 167886?
6218
What is the greatest common factor of 56481 and 1359759?
843
Calculate the highest common divisor of 26621310 and 60.
30
What is the highest common divisor of 46308 and 9850548?
204
Calculate the greatest common divisor of 16937126 and 5530.
158
What is the greatest common divisor of 965671 and 1087436?
497
What is the greatest common divisor of 52157119 and 1127?
49
What is the greatest common factor of 129189244 and 8?
4
What is the greatest common factor of 14822 and 429519327?
7411
Calculate the highest common factor of 60 and 76713144.
12
What is the highest common factor of 7309612 and 32512?
508
Calculate the highest common factor of 45304 and 3277259.
809
Calculate the greatest common divisor of 1220 and 62383480.
1220
What is the highest common factor of 7980 and 211764?
84
Calculate the greatest common factor of 1453238 and 2.
2
Calculate the highest common divisor of 16 and 8015804.
4
Calculate the highest common divisor of 137298849 and 2316.
579
Calculate the greatest common factor of 6582002 and 67942.
322
What is the greatest common factor of 105724 and 3316?
4
Calculate the highest common factor of 75 and 2906355.
15
Calculate the greatest common factor of 32331120 and 1200.
240
Calculate the highest common divisor of 11764 and 1092692.
68
Calculate the highest common divisor of 3470440 and 43354.
106
Calculate the greatest common divisor of 5955794 and 234.
26
Calculate the greatest common factor of 325810 and 33914.
62
Calculate the highest common divisor of 1550557 and 1981.
283
What is the greatest common divisor of 1777757024 and 463?
463
What is the highest common factor of 34053294 and 23?
23
What is the highest common divisor of 3057 and 2929625?
1019
Calculate the greatest common divisor of 144538245 and 97.
97
Calculate the greatest common divisor of 2486 and 126313.
11
What is the highest common factor of 204919 and 355641?
143
What is the greatest common factor of 266286 and 580?
2
What is the greatest common factor of 628187 and 464443?
301
Calculate the highest common divisor of 5355 and 87193323.
1071
Calculate the highest common factor of 76791303 and 18324.
4581
Calculate the highest common divisor of 12529 and 1191729.
737
Calculate the greatest common divisor of 130819898 and 42658.
6094
Calculate the greatest common factor of 187 and 33670692.
11
What is the highest common divisor of 187812 and 1812038?
3478
What is the greatest common factor of 2808 and 661050?
234
Calculate the highest common divisor of 68205760 and 2240.
2240
Calculate the greatest common factor of 395694990 and 162.
54
What is the highest common divisor of 108892 and 32302034?
7778
Calculate the highest common factor of 19795 and 72168825.
535
What is the highest common factor of 291254 and 2207542?
2722
What is the greatest common divisor of 9899 and 10090919?
19
What is the greatest common factor of 40579104 and 18348?
1668
What is the greatest common factor of 274 and 456484?
274
What is the greatest common divisor of 14501030 and 5?
5
What is the greatest common factor of 45 and 15586173?
9
Calculate the greatest common factor of 6304982 and 18272.
1142
What is the greatest common factor of 5108920775 and 175?
175
Calculate the highest common divisor of 588000 and 944.
16
Calculate the highest common divisor of 6549138 and 4410.
18
Calculate the highest common divisor of 356 and 1106537.
89
Calculate the greatest common divisor of 568260 and 720.
180
Calculate the highest common divisor of 261982 and 2464.
14
Calculate the greatest common divisor of 31 and 99132544.
31
What is the highest common divisor of 403866 and 397062?
486
Calculate the highest common factor of 5456152 and 2990.
598
What is the greatest common divisor of 33071140 and 160?
20
What is the greatest common divisor of 3627 and 2505823?
31
What is the highest common factor of 36865377 and 171?
171
What is the greatest common divisor of 435871 and 8528?
41
Calculate the greatest common divisor of 298805989 and 57.
19
What is the highest common divisor of 879765 and 12549?
267
Calculate the greatest common divisor of 433886 and 8968.
118
Calculate the highest common divisor of 28677 and 153791.
121
Calculate the highest common divisor of 4203234434 and 7.
7
Calculate the greatest common divisor of 68696 and 56.
8
What is the greatest common divisor of 5056 and 243256?
8
Calculate the highest common factor of 89595 and 99045.
45
Calculate the greatest common divisor of 8621737 and 1156.
289
What is the greatest common divisor of 65326203 and 27?
27
Calculate the greatest common divisor of 26689930 and 10.
10
Calculate the highest common factor of 645 and 176100.
15
What is the greatest common divisor of 1573 and 760045?
143
Calculate the highest common divisor of 775802061 and 9.
9
Calculate the greatest common factor of 263 and 866749375.
263
What is the greatest common factor of 9989 and 1008?
7
What is the highest common factor of 119334 and 222?
6
Calculate the greatest common factor of 51213 and 1267382.
43
What is the greatest common divisor of 5797835 and 53915?
1315
What is the greatest common factor of 624584 and 9770720?
6184
Calculate the highest common divisor of 32522 and 3682.
14
What is the highest common factor of 4682468 and 36134?
1246
Calculate the greatest common factor of 23326 and 131018.
218
What is the highest common divisor of 180182 and 35006?
46
Calculate the highest common divisor of 516 and 879810.
6
Calculate the highest common divisor of 68226 and 23904.
498
Calculate the highest common divisor of 983405 and 25.
5
Calculate the highest common factor of 43655 and 305.
5
What is the highest common divisor of 79533 and 455821297?
8837
Calculate the greatest common factor of 16558005 and 890.
445
Calculate the highest common factor of 984399 and 387.
129
What is the greatest common divisor of 2371605 and 605445?
3345
What is the greatest common divisor of 65746296 and 756?
756
What is the greatest common factor of 261429 and 161070?
1239
What is the highest common factor of 291561 and 3975?
3
What is the highest common divisor of 286886 and 92?
2
What is the highest common divisor of 12547272 and 8491?
1213
What is the greatest common factor of 55440 and 6076917?
693
Calculate the highest common divisor of 869230 and 10.
10
What is the greatest common factor of 18866219 and 314?
157
What is the highest common divisor of 54665 and 2266875?
65
Calculate the highest common divisor of 209 and 848027.
19
Calculate the greatest common divisor of 833658 and 5152.
322
What is the greatest common divisor of 13215 and 87555?
15
What is the greatest common factor of 140456 and 11255104?
776
What is the highest common divisor of 72772280 and 570?
190
Calculate the greatest common factor of 783 and 3945247.
29
Calculate the highest common factor of 2688 and 1153887.
21
What is the highest common divisor of 355658 and 6829534?
4502
What is the greatest common factor of 2214702 and 28861?
1519
What is the highest common divisor of 1121704 and 38?
2
What is the highest common divisor of 3005 and 20645?
5
Calculate the greatest common divisor of 40662734 and 23534.
574
What is the highest common factor of 4205457025 and 187?
187
Calculate the greatest common divisor of 945 and 29968110.
135
Calculate the greatest common factor of 1105371450 and 51.
51
What is the highest common divisor of 11463 and 3291?
3
What is the highest common divisor of 572 and 109148?
52
What is the highest common divisor of 6817914 and 51888?
282
Calculate the greatest common factor of 522387896 and 71.
71
What is the greatest common factor of 3617791 and 1?
1
What is the greatest common divisor of 123 and 383006297?
41
Calculate the greatest common divisor of 45292632 and 22.
22
Calculate the highest common factor of 8595 and 481365.
45
What is the highest common factor of 2079698 and 7582?
446
Calculate the greatest common factor of 35